{"id":5032,"date":"2021-06-25T09:23:42","date_gmt":"2021-06-25T07:23:42","guid":{"rendered":"https:\/\/b2b.pakery.pl\/?post_type=product&#038;p=5032"},"modified":"2022-06-08T10:12:37","modified_gmt":"2022-06-08T08:12:37","slug":"uchwyt-mocujacy-do-wezy-iniekcyjnych","status":"publish","type":"product","link":"https:\/\/b2b.pakery.pl\/pl\/produkt\/uchwyt-mocujacy-do-wezy-iniekcyjnych\/","title":{"rendered":"Uchwyt mocuj\u0105cy do w\u0119\u017cy iniekcyjnych"},"content":{"rendered":"","protected":false},"excerpt":{"rendered":"","protected":false},"featured_media":5034,"template":"","meta":{"_acf_changed":false},"product_brand":[],"product_cat":[30],"product_tag":[],"class_list":{"0":"post-5032","1":"product","2":"type-product","3":"status-publish","4":"has-post-thumbnail","6":"product_cat-weze-iniekcyjne","8":"first","9":"instock","10":"taxable","11":"shipping-taxable","12":"purchasable","13":"product-type-simple"},"acf":[],"yoast_head":"<!-- This site is optimized with the Yoast SEO plugin v24.8.1 - https:\/\/yoast.com\/wordpress\/plugins\/seo\/ -->\n<title>Uchwyt mocuj\u0105cy do w\u0119\u017cy iniekcyjnych - PAKERY.PL<\/title>\n<meta name=\"description\" content=\"Uchwyt mocuj\u0105cy do w\u0119\u017cy iniekcyjnych | W\u0119\u017ce iniekcyjne | Dylatacja | Uszczelnienia\" \/>\n<meta name=\"robots\" content=\"index, follow, max-snippet:-1, max-image-preview:large, max-video-preview:-1\" \/>\n<link rel=\"canonical\" href=\"https:\/\/b2b.pakery.pl\/pl\/produkt\/uchwyt-mocujacy-do-wezy-iniekcyjnych\/\" \/>\n<meta property=\"og:locale\" content=\"pl_PL\" \/>\n<meta property=\"og:type\" content=\"article\" \/>\n<meta property=\"og:title\" content=\"Uchwyt mocuj\u0105cy do w\u0119\u017cy iniekcyjnych - PAKERY.PL\" \/>\n<meta property=\"og:description\" content=\"Uchwyt mocuj\u0105cy do w\u0119\u017cy iniekcyjnych | W\u0119\u017ce iniekcyjne | Dylatacja | Uszczelnienia\" \/>\n<meta property=\"og:url\" content=\"https:\/\/b2b.pakery.pl\/pl\/produkt\/uchwyt-mocujacy-do-wezy-iniekcyjnych\/\" \/>\n<meta property=\"og:site_name\" content=\"PAKERY.PL\" \/>\n<meta property=\"article:modified_time\" content=\"2022-06-08T08:12:37+00:00\" \/>\n<meta property=\"og:image\" content=\"https:\/\/b2b.pakery.pl\/wp-content\/uploads\/2021\/06\/PAKER-7-of-17.png\" \/>\n\t<meta property=\"og:image:width\" content=\"2500\" \/>\n\t<meta property=\"og:image:height\" content=\"2500\" \/>\n\t<meta property=\"og:image:type\" content=\"image\/png\" \/>\n<meta name=\"twitter:card\" content=\"summary_large_image\" \/>\n<script type=\"application\/ld+json\" class=\"yoast-schema-graph\">{\"@context\":\"https:\/\/schema.org\",\"@graph\":[{\"@type\":\"WebPage\",\"@id\":\"https:\/\/b2b.pakery.pl\/pl\/produkt\/uchwyt-mocujacy-do-wezy-iniekcyjnych\/\",\"url\":\"https:\/\/b2b.pakery.pl\/pl\/produkt\/uchwyt-mocujacy-do-wezy-iniekcyjnych\/\",\"name\":\"Uchwyt mocuj\u0105cy do w\u0119\u017cy iniekcyjnych - PAKERY.PL\",\"isPartOf\":{\"@id\":\"https:\/\/b2b.pakery.pl\/pl\/#website\"},\"primaryImageOfPage\":{\"@id\":\"https:\/\/b2b.pakery.pl\/pl\/produkt\/uchwyt-mocujacy-do-wezy-iniekcyjnych\/#primaryimage\"},\"image\":{\"@id\":\"https:\/\/b2b.pakery.pl\/pl\/produkt\/uchwyt-mocujacy-do-wezy-iniekcyjnych\/#primaryimage\"},\"thumbnailUrl\":\"https:\/\/b2b.pakery.pl\/wp-content\/uploads\/2021\/06\/PAKER-7-of-17.png\",\"datePublished\":\"2021-06-25T07:23:42+00:00\",\"dateModified\":\"2022-06-08T08:12:37+00:00\",\"description\":\"Uchwyt mocuj\u0105cy do w\u0119\u017cy iniekcyjnych | W\u0119\u017ce iniekcyjne | Dylatacja | Uszczelnienia\",\"breadcrumb\":{\"@id\":\"https:\/\/b2b.pakery.pl\/pl\/produkt\/uchwyt-mocujacy-do-wezy-iniekcyjnych\/#breadcrumb\"},\"inLanguage\":\"pl-PL\",\"potentialAction\":[{\"@type\":\"ReadAction\",\"target\":[\"https:\/\/b2b.pakery.pl\/pl\/produkt\/uchwyt-mocujacy-do-wezy-iniekcyjnych\/\"]}]},{\"@type\":\"ImageObject\",\"inLanguage\":\"pl-PL\",\"@id\":\"https:\/\/b2b.pakery.pl\/pl\/produkt\/uchwyt-mocujacy-do-wezy-iniekcyjnych\/#primaryimage\",\"url\":\"https:\/\/b2b.pakery.pl\/wp-content\/uploads\/2021\/06\/PAKER-7-of-17.png\",\"contentUrl\":\"https:\/\/b2b.pakery.pl\/wp-content\/uploads\/2021\/06\/PAKER-7-of-17.png\",\"width\":2500,\"height\":2500,\"caption\":\"Uchwyt do w\u0119\u017ca iniekcyjnego\"},{\"@type\":\"BreadcrumbList\",\"@id\":\"https:\/\/b2b.pakery.pl\/pl\/produkt\/uchwyt-mocujacy-do-wezy-iniekcyjnych\/#breadcrumb\",\"itemListElement\":[{\"@type\":\"ListItem\",\"position\":1,\"name\":\"Strona g\u0142\u00f3wna\",\"item\":\"https:\/\/b2b.pakery.pl\/pl\/strona-glowna\/\"},{\"@type\":\"ListItem\",\"position\":2,\"name\":\"Sklep\",\"item\":\"https:\/\/b2b.pakery.pl\/pl\/sklep\/\"},{\"@type\":\"ListItem\",\"position\":3,\"name\":\"Uchwyt mocuj\u0105cy do w\u0119\u017cy iniekcyjnych\"}]},{\"@type\":\"WebSite\",\"@id\":\"https:\/\/b2b.pakery.pl\/pl\/#website\",\"url\":\"https:\/\/b2b.pakery.pl\/pl\/\",\"name\":\"Pakery.pl\",\"description\":\"Injection Packers, Spiral Anchors, Injection Lances, Injection Hoses, Injection Pumps, Injection Pump Service, Injection Pump Rental\",\"publisher\":{\"@id\":\"https:\/\/b2b.pakery.pl\/pl\/#organization\"},\"potentialAction\":[{\"@type\":\"SearchAction\",\"target\":{\"@type\":\"EntryPoint\",\"urlTemplate\":\"https:\/\/b2b.pakery.pl\/pl\/?s={search_term_string}\"},\"query-input\":{\"@type\":\"PropertyValueSpecification\",\"valueRequired\":true,\"valueName\":\"search_term_string\"}}],\"inLanguage\":\"pl-PL\"},{\"@type\":\"Organization\",\"@id\":\"https:\/\/b2b.pakery.pl\/pl\/#organization\",\"name\":\"PAKERY.PL\",\"url\":\"https:\/\/b2b.pakery.pl\/pl\/\",\"logo\":{\"@type\":\"ImageObject\",\"inLanguage\":\"pl-PL\",\"@id\":\"https:\/\/b2b.pakery.pl\/pl\/#\/schema\/logo\/image\/\",\"url\":\"https:\/\/b2b.pakery.pl\/wp-content\/uploads\/2021\/04\/cropped-PAKERY-LOGO.png\",\"contentUrl\":\"https:\/\/b2b.pakery.pl\/wp-content\/uploads\/2021\/04\/cropped-PAKERY-LOGO.png\",\"width\":1529,\"height\":500,\"caption\":\"PAKERY.PL\"},\"image\":{\"@id\":\"https:\/\/b2b.pakery.pl\/pl\/#\/schema\/logo\/image\/\"}}]}<\/script>\n<!-- \/ Yoast SEO plugin. -->","yoast_head_json":{"title":"Uchwyt mocuj\u0105cy do w\u0119\u017cy iniekcyjnych - PAKERY.PL","description":"Uchwyt mocuj\u0105cy do w\u0119\u017cy iniekcyjnych | W\u0119\u017ce iniekcyjne | Dylatacja | Uszczelnienia","robots":{"index":"index","follow":"follow","max-snippet":"max-snippet:-1","max-image-preview":"max-image-preview:large","max-video-preview":"max-video-preview:-1"},"canonical":"https:\/\/b2b.pakery.pl\/pl\/produkt\/uchwyt-mocujacy-do-wezy-iniekcyjnych\/","og_locale":"pl_PL","og_type":"article","og_title":"Uchwyt mocuj\u0105cy do w\u0119\u017cy iniekcyjnych - PAKERY.PL","og_description":"Uchwyt mocuj\u0105cy do w\u0119\u017cy iniekcyjnych | W\u0119\u017ce iniekcyjne | Dylatacja | Uszczelnienia","og_url":"https:\/\/b2b.pakery.pl\/pl\/produkt\/uchwyt-mocujacy-do-wezy-iniekcyjnych\/","og_site_name":"PAKERY.PL","article_modified_time":"2022-06-08T08:12:37+00:00","og_image":[{"width":2500,"height":2500,"url":"https:\/\/b2b.pakery.pl\/wp-content\/uploads\/2021\/06\/PAKER-7-of-17.png","type":"image\/png"}],"twitter_card":"summary_large_image","schema":{"@context":"https:\/\/schema.org","@graph":[{"@type":"WebPage","@id":"https:\/\/b2b.pakery.pl\/pl\/produkt\/uchwyt-mocujacy-do-wezy-iniekcyjnych\/","url":"https:\/\/b2b.pakery.pl\/pl\/produkt\/uchwyt-mocujacy-do-wezy-iniekcyjnych\/","name":"Uchwyt mocuj\u0105cy do w\u0119\u017cy iniekcyjnych - PAKERY.PL","isPartOf":{"@id":"https:\/\/b2b.pakery.pl\/pl\/#website"},"primaryImageOfPage":{"@id":"https:\/\/b2b.pakery.pl\/pl\/produkt\/uchwyt-mocujacy-do-wezy-iniekcyjnych\/#primaryimage"},"image":{"@id":"https:\/\/b2b.pakery.pl\/pl\/produkt\/uchwyt-mocujacy-do-wezy-iniekcyjnych\/#primaryimage"},"thumbnailUrl":"https:\/\/b2b.pakery.pl\/wp-content\/uploads\/2021\/06\/PAKER-7-of-17.png","datePublished":"2021-06-25T07:23:42+00:00","dateModified":"2022-06-08T08:12:37+00:00","description":"Uchwyt mocuj\u0105cy do w\u0119\u017cy iniekcyjnych | W\u0119\u017ce iniekcyjne | Dylatacja | Uszczelnienia","breadcrumb":{"@id":"https:\/\/b2b.pakery.pl\/pl\/produkt\/uchwyt-mocujacy-do-wezy-iniekcyjnych\/#breadcrumb"},"inLanguage":"pl-PL","potentialAction":[{"@type":"ReadAction","target":["https:\/\/b2b.pakery.pl\/pl\/produkt\/uchwyt-mocujacy-do-wezy-iniekcyjnych\/"]}]},{"@type":"ImageObject","inLanguage":"pl-PL","@id":"https:\/\/b2b.pakery.pl\/pl\/produkt\/uchwyt-mocujacy-do-wezy-iniekcyjnych\/#primaryimage","url":"https:\/\/b2b.pakery.pl\/wp-content\/uploads\/2021\/06\/PAKER-7-of-17.png","contentUrl":"https:\/\/b2b.pakery.pl\/wp-content\/uploads\/2021\/06\/PAKER-7-of-17.png","width":2500,"height":2500,"caption":"Uchwyt do w\u0119\u017ca iniekcyjnego"},{"@type":"BreadcrumbList","@id":"https:\/\/b2b.pakery.pl\/pl\/produkt\/uchwyt-mocujacy-do-wezy-iniekcyjnych\/#breadcrumb","itemListElement":[{"@type":"ListItem","position":1,"name":"Strona g\u0142\u00f3wna","item":"https:\/\/b2b.pakery.pl\/pl\/strona-glowna\/"},{"@type":"ListItem","position":2,"name":"Sklep","item":"https:\/\/b2b.pakery.pl\/pl\/sklep\/"},{"@type":"ListItem","position":3,"name":"Uchwyt mocuj\u0105cy do w\u0119\u017cy iniekcyjnych"}]},{"@type":"WebSite","@id":"https:\/\/b2b.pakery.pl\/pl\/#website","url":"https:\/\/b2b.pakery.pl\/pl\/","name":"Pakery.pl","description":"Injection Packers, Spiral Anchors, Injection Lances, Injection Hoses, Injection Pumps, Injection Pump Service, Injection Pump Rental","publisher":{"@id":"https:\/\/b2b.pakery.pl\/pl\/#organization"},"potentialAction":[{"@type":"SearchAction","target":{"@type":"EntryPoint","urlTemplate":"https:\/\/b2b.pakery.pl\/pl\/?s={search_term_string}"},"query-input":{"@type":"PropertyValueSpecification","valueRequired":true,"valueName":"search_term_string"}}],"inLanguage":"pl-PL"},{"@type":"Organization","@id":"https:\/\/b2b.pakery.pl\/pl\/#organization","name":"PAKERY.PL","url":"https:\/\/b2b.pakery.pl\/pl\/","logo":{"@type":"ImageObject","inLanguage":"pl-PL","@id":"https:\/\/b2b.pakery.pl\/pl\/#\/schema\/logo\/image\/","url":"https:\/\/b2b.pakery.pl\/wp-content\/uploads\/2021\/04\/cropped-PAKERY-LOGO.png","contentUrl":"https:\/\/b2b.pakery.pl\/wp-content\/uploads\/2021\/04\/cropped-PAKERY-LOGO.png","width":1529,"height":500,"caption":"PAKERY.PL"},"image":{"@id":"https:\/\/b2b.pakery.pl\/pl\/#\/schema\/logo\/image\/"}}]}},"tiered_pricing_type":"fixed","tiered_pricing_fixed_rules":[],"tiered_pricing_product_settings":{"layout":"default","base_unit_name":{"singular":null,"plural":null},"default_variation":null},"tiered_pricing_minimum_quantity":null,"tiered_pricing_roles_data":[],"tiered_pricing_percentage_rules":[],"tiered_pricing_maximum_quantity":null,"tiered_pricing_quantity_step":null,"_links":{"self":[{"href":"https:\/\/b2b.pakery.pl\/pl\/wp-json\/wp\/v2\/product\/5032","targetHints":{"allow":["GET"]}}],"collection":[{"href":"https:\/\/b2b.pakery.pl\/pl\/wp-json\/wp\/v2\/product"}],"about":[{"href":"https:\/\/b2b.pakery.pl\/pl\/wp-json\/wp\/v2\/types\/product"}],"version-history":[{"count":2,"href":"https:\/\/b2b.pakery.pl\/pl\/wp-json\/wp\/v2\/product\/5032\/revisions"}],"predecessor-version":[{"id":5038,"href":"https:\/\/b2b.pakery.pl\/pl\/wp-json\/wp\/v2\/product\/5032\/revisions\/5038"}],"wp:featuredmedia":[{"embeddable":true,"href":"https:\/\/b2b.pakery.pl\/pl\/wp-json\/wp\/v2\/media\/5034"}],"wp:attachment":[{"href":"https:\/\/b2b.pakery.pl\/pl\/wp-json\/wp\/v2\/media?parent=5032"}],"wp:term":[{"taxonomy":"product_brand","embeddable":true,"href":"https:\/\/b2b.pakery.pl\/pl\/wp-json\/wp\/v2\/product_brand?post=5032"},{"taxonomy":"product_cat","embeddable":true,"href":"https:\/\/b2b.pakery.pl\/pl\/wp-json\/wp\/v2\/product_cat?post=5032"},{"taxonomy":"product_tag","embeddable":true,"href":"https:\/\/b2b.pakery.pl\/pl\/wp-json\/wp\/v2\/product_tag?post=5032"}],"curies":[{"name":"wp","href":"https:\/\/api.w.org\/{rel}","templated":true}]}}

Uchwyt mocujący do węży iniekcyjnych

<!-- This site is optimized with the Yoast SEO plugin v24.8.1 - https://yoast.com/wordpress/plugins/seo/ -->
<title>Uchwyt mocujący do węży iniekcyjnych - PAKERY.PL</title>
<meta name="description" content="Uchwyt mocujący do węży iniekcyjnych | Węże iniekcyjne | Dylatacja | Uszczelnienia" />
<meta name="robots" content="index, follow, max-snippet:-1, max-image-preview:large, max-video-preview:-1" />
<link rel="canonical" href="https://b2b.pakery.pl/pl/produkt/uchwyt-mocujacy-do-wezy-iniekcyjnych/" />
<meta property="og:locale" content="pl_PL" />
<meta property="og:type" content="article" />
<meta property="og:title" content="Uchwyt mocujący do węży iniekcyjnych - PAKERY.PL" />
<meta property="og:description" content="Uchwyt mocujący do węży iniekcyjnych | Węże iniekcyjne | Dylatacja | Uszczelnienia" />
<meta property="og:url" content="https://b2b.pakery.pl/pl/produkt/uchwyt-mocujacy-do-wezy-iniekcyjnych/" />
<meta property="og:site_name" content="PAKERY.PL" />
<meta property="article:modified_time" content="2022-06-08T08:12:37+00:00" />
<meta property="og:image" content="https://b2b.pakery.pl/wp-content/uploads/2021/06/PAKER-7-of-17.png" />
	<meta property="og:image:width" content="2500" />
	<meta property="og:image:height" content="2500" />
	<meta property="og:image:type" content="image/png" />
<meta name="twitter:card" content="summary_large_image" />
<script type="application/ld+json" class="yoast-schema-graph">{"@context":"https://schema.org","@graph":[{"@type":"WebPage","@id":"https://b2b.pakery.pl/pl/produkt/uchwyt-mocujacy-do-wezy-iniekcyjnych/","url":"https://b2b.pakery.pl/pl/produkt/uchwyt-mocujacy-do-wezy-iniekcyjnych/","name":"Uchwyt mocujący do węży iniekcyjnych - PAKERY.PL","isPartOf":{"@id":"https://b2b.pakery.pl/pl/#website"},"primaryImageOfPage":{"@id":"https://b2b.pakery.pl/pl/produkt/uchwyt-mocujacy-do-wezy-iniekcyjnych/#primaryimage"},"image":{"@id":"https://b2b.pakery.pl/pl/produkt/uchwyt-mocujacy-do-wezy-iniekcyjnych/#primaryimage"},"thumbnailUrl":"https://b2b.pakery.pl/wp-content/uploads/2021/06/PAKER-7-of-17.png","datePublished":"2021-06-25T07:23:42+00:00","dateModified":"2022-06-08T08:12:37+00:00","description":"Uchwyt mocujący do węży iniekcyjnych | Węże iniekcyjne | Dylatacja | Uszczelnienia","breadcrumb":{"@id":"https://b2b.pakery.pl/pl/produkt/uchwyt-mocujacy-do-wezy-iniekcyjnych/#breadcrumb"},"inLanguage":"pl-PL","potentialAction":[{"@type":"ReadAction","target":["https://b2b.pakery.pl/pl/produkt/uchwyt-mocujacy-do-wezy-iniekcyjnych/"]}]},{"@type":"ImageObject","inLanguage":"pl-PL","@id":"https://b2b.pakery.pl/pl/produkt/uchwyt-mocujacy-do-wezy-iniekcyjnych/#primaryimage","url":"https://b2b.pakery.pl/wp-content/uploads/2021/06/PAKER-7-of-17.png","contentUrl":"https://b2b.pakery.pl/wp-content/uploads/2021/06/PAKER-7-of-17.png","width":2500,"height":2500,"caption":"Uchwyt do węża iniekcyjnego"},{"@type":"BreadcrumbList","@id":"https://b2b.pakery.pl/pl/produkt/uchwyt-mocujacy-do-wezy-iniekcyjnych/#breadcrumb","itemListElement":[{"@type":"ListItem","position":1,"name":"Strona główna","item":"https://b2b.pakery.pl/pl/strona-glowna/"},{"@type":"ListItem","position":2,"name":"Sklep","item":"https://b2b.pakery.pl/pl/sklep/"},{"@type":"ListItem","position":3,"name":"Uchwyt mocujący do węży iniekcyjnych"}]},{"@type":"WebSite","@id":"https://b2b.pakery.pl/pl/#website","url":"https://b2b.pakery.pl/pl/","name":"Pakery.pl","description":"Injection Packers, Spiral Anchors, Injection Lances, Injection Hoses, Injection Pumps, Injection Pump Service, Injection Pump Rental","publisher":{"@id":"https://b2b.pakery.pl/pl/#organization"},"potentialAction":[{"@type":"SearchAction","target":{"@type":"EntryPoint","urlTemplate":"https://b2b.pakery.pl/pl/?s={search_term_string}"},"query-input":{"@type":"PropertyValueSpecification","valueRequired":true,"valueName":"search_term_string"}}],"inLanguage":"pl-PL"},{"@type":"Organization","@id":"https://b2b.pakery.pl/pl/#organization","name":"PAKERY.PL","url":"https://b2b.pakery.pl/pl/","logo":{"@type":"ImageObject","inLanguage":"pl-PL","@id":"https://b2b.pakery.pl/pl/#/schema/logo/image/","url":"https://b2b.pakery.pl/wp-content/uploads/2021/04/cropped-PAKERY-LOGO.png","contentUrl":"https://b2b.pakery.pl/wp-content/uploads/2021/04/cropped-PAKERY-LOGO.png","width":1529,"height":500,"caption":"PAKERY.PL"},"image":{"@id":"https://b2b.pakery.pl/pl/#/schema/logo/image/"}}]}</script>
<!-- / Yoast SEO plugin. -->

Uchwyt mocujący do węży iniekcyjnych - PAKERY.PL

Uchwyt mocujący do węży iniekcyjnych | Węże iniekcyjne | Dylatacja | Uszczelnienia

Uchwyt do węża iniekcyjnego

Strona główna
